
2, 11, 8779
List the prime factors of 10321516.
2, 17, 151787
What are the prime factors of 6695469?
3, 11, 67631
What are the prime factors of 19660368?
2, 3, 7, 13, 643
What are the prime factors of 869809?
869809
List the prime factors of 16919990.
2, 5, 421, 4019
What are the prime factors of 515574?
2, 3, 28643
What are the prime factors of 4771389?
3, 7, 59, 3851
What are the prime factors of 677157?
3, 13, 97, 179
List the prime factors of 1934805.
3, 5, 128987
What are the prime factors of 297397?
297397
List the prime factors of 1017294.
2, 3, 43, 3943
List the prime factors of 16336666.
2, 8168333
List the prime factors of 4928397.
3, 227, 7237
What are the prime factors of 4810833?
3, 59393
List the prime factors of 157939.
43, 3673
What are the prime factors of 11087869?
13, 852913
What are the prime factors of 4933331?
13, 19, 19973
List the prime factors of 2338198.
2, 859, 1361
List the prime factors of 3027685.
5, 103, 5879
What are the prime factors of 4281238?
2, 13, 164663
What are the prime factors of 3650271?
3, 41, 59, 503
What are the prime factors of 943370?
2, 5, 29, 3253
What are the prime factors of 18848372?
2, 31, 152003
What are the prime factors of 465056?
2, 14533
List the prime factors of 3076841.
19, 67, 2417
List the prime factors of 198164.
2, 107, 463
What are the prime factors of 773024?
2, 7, 17, 29
List the prime factors of 1900094.
2, 7, 135721
List the prime factors of 189528.
2, 3, 53, 149
List the prime factors of 1113847.
7, 41, 3881
List the prime factors of 1675222.
2, 837611
What are the prime factors of 97426?
2, 7, 6959
What are the prime factors of 2210185?
5, 23, 19219
What are the prime factors of 6102888?
2, 3, 11, 23117
What are the prime factors of 4179375?
3, 5, 743
List the prime factors of 720999.
3, 80111
List the prime factors of 360654.
2, 3, 7, 31, 277
List the prime factors of 1866031.
1866031
What are the prime factors of 187277?
187277
List the prime factors of 30810.
2, 3, 5, 13, 79
List the prime factors of 11256581.
7, 1608083
What are the prime factors of 224824?
2, 157, 179
What are the prime factors of 7494111?
3, 832679
List the prime factors of 11605901.
37, 181, 1733
What are the prime factors of 4852871?
17, 285463
List the prime factors of 18871.
113, 167
List the prime factors of 296782.
2, 179, 829
What are the prime factors of 913727?
47, 19441
List the prime factors of 157918.
2, 23, 3433
What are the prime factors of 15308?
2, 43, 89
What are the prime factors of 34188267?
3, 11396089
List the prime factors of 78300.
2, 3, 5, 29
List the prime factors of 4284.
2, 3, 7, 17
What are the prime factors of 51924?
2, 3, 4327
What are the prime factors of 93648?
2, 3, 1951
What are the prime factors of 367571?
137, 2683
List the prime factors of 10537126.
2, 617, 8539
What are the prime factors of 10053927?
3, 13, 85931
What are the prime factors of 232994?
2, 97, 1201
List the prime factors of 22788702.
2, 3, 41, 47, 73
What are the prime factors of 751973?
73, 10301
What are the prime factors of 1784023?
1784023
What are the prime factors of 141986?
2, 13, 43, 127
List the prime factors of 11495387.
11495387
List the prime factors of 3005956.
2, 41, 18329
List the prime factors of 3931507.
97, 40531
List the prime factors of 14423193.
3, 103, 15559
List the prime factors of 2573738.
2, 67, 19207
What are the prime factors of 1268381?
23, 55147
List the prime factors of 386364.
2, 3, 11, 2927
What are the prime factors of 120551?
120551
List the prime factors of 134356.
2, 33589
List the prime factors of 162662.
2, 81331
List the prime factors of 29053642.
2, 14526821
What are the prime factors of 14557812?
2, 3, 1213151
List the prime factors of 509605.
5, 101921
List the prime factors of 421673.
7, 59, 1021
List the prime factors of 1158756.
2, 3, 61, 1583
What are the prime factors of 239331?
3, 79777
List the prime factors of 1408079.
1408079
What are the prime factors of 146085?
3, 5, 9739
What are the prime factors of 25929900?
2, 3, 5, 47, 613
List the prime factors of 4866828.
2, 3, 17, 23857
What are the prime factors of 789891?
3, 281, 937
What are the prime factors of 2027726?
2, 17, 23, 2593
What are the prime factors of 3932?
2, 983
List the prime factors of 15604169.
7, 2229167
List the prime factors of 958752.
2, 3, 3329
What are the prime factors of 11069895?
3, 5, 569, 1297
List the prime factors of 2631829.
359, 7331
List the prime factors of 19377196.
2, 37, 130927
What are the prime factors of 2246796?
2, 3, 139, 449
List the prime factors of 3426365.
5, 19, 36067
List the prime factors of 31674174.
2, 3, 7, 23, 32789
List the prime factors of 6665719.
6665719
List the prime factors of 10378.
2, 5189
List the prime factors of 4851668.
2, 1212917
List the prime factors of 4835792.
2, 13, 67, 347
List the prime factors of 781652.
2, 195413
What are the prime factors of 371372?
2, 227, 409
What are the prime factors of 1081617?
3, 89, 4051
What are the prime factors of 1024924?
2, 89, 2879
List the prime factors of 127195.
5, 25439
What are the prime factors of 13060346?
2, 13, 502321
List the prime factors of 2090182.
2, 79, 13229
List the prime factors of 347872.
2, 7, 1553
List the prime factors of 53673.
3, 17891
What are the prime factors of 156611?
7, 13, 1721
List the prime factors of 8679277.
8679277
List the prime factors of 114076.
2, 19, 79
What are the prime factors of 12212859?
3, 4070953
List the prime factors of 183206.
2, 47, 1949
List the prime factors of 1892013.
3, 67, 9413
List the prime factors of 8273013.
3, 7, 167, 337
List the prime factors of 3743482.
2, 281, 6661
List the prime factors of 38031001.
631, 60271
What are the prime factors of 7953901?
7953901
What are the prime factors of 58022?
2, 67, 433
What are the prime factors of 1122746?
2, 561373
List the prime factors of 4442286.
2, 3, 149, 4969
What are the prime factors of 8406781?
29, 289889
What are the prime factors of 3014577?
3, 37217
List the prime factors of 13209845.
5, 11, 19, 12641
List the prime factors of 3503647.
7, 71503
List the prime factors of 6200.
2, 5, 31
What are the prime factors of 29032287?
3, 53, 182593
List the prime factors of 21757352.
2, 2719669
List the prime factors of 988414.
2, 7, 17, 4153
List the prime factors of 17176606.
2, 1129, 7607
What are the prime factors of 215864?
2, 11, 223
List the prime factors of 2860669.
7, 79, 739
What are the prime factors of 371449?
13, 28573
What are the prime factors of 434251?
227, 1913
What are the prime factors of 5182488?
2, 3, 23993
List the prime factors of 2843274.
2, 3, 7, 19, 509
List the prime factors of 111020.
2, 5, 7, 13, 61
What are the prime factors of 1408284?
2, 3, 39119
What are the prime factors of 669373?
443, 1511
List the prime factors of 2840822.
2, 23, 61757
List the prime factors of 265891.
265891
List the prime factors of 546204.
2, 3, 23, 1979
List the prime factors of 3667972.
2, 7, 11, 11909
List the prime factors of 7621682.
2, 3810841
What are the prime factors of 179265?
3, 5, 17, 19, 37
What are the prime factors of 27065310?
2, 3, 5, 19, 103, 461
List the prime factors of 774778.
2, 23, 16843
What are the prime factors of 76524?
2, 3, 7, 911
What are the prime factors of 208771?
23, 29, 313
List the prime factors of 1755364.
2, 13, 33757
List the prime factors of 5911307.
227, 26041
List the prime factors of 1610465.
5, 322093
List the prime factors of 124605.
3, 5, 13, 71
What are the prime factors of 88649?
11, 8059
What are the prime factors of 26112478?
2, 7, 31, 60167
List the prime factors of 12160024.
2, 1520003
What are the prime factors of 7387889?
31, 67, 3557
List the prime factors of 58166.
2, 127, 229
List the prime factors of 4606347.
3, 191, 8039
What are the prime factors of 8399612?
2, 13, 161531
List the prime factors of 5188994.
2, 83, 31259
List the prime factors of 868260.
2, 3, 5, 29, 499
What are the prime factors of 878836?
2, 7, 31387
What are the prime factors of 17332802?
2, 53, 163517
List the prime factors of 4728229.
11, 79, 5441
List the prime factors of 162830.
2, 5, 19, 857
What are the prime factors of 8086527?
3, 299501
List the prime factors of 195818.
2, 7, 71, 197
What are the prime factors of 727916?
2, 7, 25997
What are 